{"id":2,"date":"2017-09-06T13:06:48","date_gmt":"2017-09-06T11:06:48","guid":{"rendered":"http:\/\/www.natur-erforschen.net\/bildarchiv\/?page_id=2"},"modified":"2021-11-29T09:26:02","modified_gmt":"2021-11-29T08:26:02","slug":"home","status":"publish","type":"page","link":"https:\/\/www.natur-erforschen.net\/bildarchiv\/","title":{"rendered":"Home"},"content":{"rendered":"<div id=\"dslc-theme-content\"><div id=\"dslc-theme-content-inner\"><div id=\"dslc-content\" class=\"dslc-content dslc-clearfix\">\n<div id=\"dslc-main\">\n<div  class=\"dslc-modules-section  dslc-full \" style=\"padding-bottom:0px;padding-top:0px;\" data-section-id=\"5c883631a39\">\n<div class=\"dslc-modules-section-wrapper dslc-clearfix\">\n<style type=\"text\/css\" id=\"dslca-modules-area-\"><\/style>\n<div  class=\"dslc-modules-area dslc-col dslc-12-col dslc-last-col dslc-valign- \" data-size=\"12\" data-valign=\"\" data-modules-area-id=\"\" >\n<div id=\"dslc-module-5cb6516a422\" class=\"dslc-module-front dslc-module-DSLC_Image dslc-in-viewport-check dslc-in-viewport-anim-none  dslc-col dslc-12-col dslc-last-col  dslc-module-handle-like-regular \" data-module-id=\"5cb6516a422\" data-module=\"DSLC_Image\" data-dslc-module-size=\"12\" data-dslc-anim=\"none\" data-dslc-anim-delay=\"\" data-dslc-anim-duration=\"650\"  data-dslc-anim-easing=\"ease\" data-dslc-preset=\"none\" >\n<div class=\"dslc-image-container\">\n<div class=\"dslc-image\">\n<p>\t\t\t\t\t\t\t\t\t<img decoding=\"async\" src=\"https:\/\/www.natur-erforschen.net\/bildarchiv\/wp-content\/uploads\/2021\/06\/headerbild_home_2.jpg\" alt=\"\" title=\"\" srcset=\"https:\/\/www.natur-erforschen.net\/bildarchiv\/wp-content\/uploads\/2021\/06\/headerbild_home_2.jpg 2000w, https:\/\/www.natur-erforschen.net\/bildarchiv\/wp-content\/uploads\/2021\/06\/headerbild_home_2-300x200.jpg 300w, https:\/\/www.natur-erforschen.net\/bildarchiv\/wp-content\/uploads\/2021\/06\/headerbild_home_2-1024x684.jpg 1024w, https:\/\/www.natur-erforschen.net\/bildarchiv\/wp-content\/uploads\/2021\/06\/headerbild_home_2-768x513.jpg 768w, https:\/\/www.natur-erforschen.net\/bildarchiv\/wp-content\/uploads\/2021\/06\/headerbild_home_2-1536x1026.jpg 1536w\" sizes=\"(max-width: 2000px) 100vw, 2000px\" \/><\/p><\/div>\n<p><!-- .dslc-image -->\n\t\t<\/div>\n<\/p><\/div>\n<p><!-- .dslc-module -->\n\t\t<\/div>\n<\/div>\n<\/div>\n<div  class=\"dslc-modules-section \" style=\"\" data-section-id=\"2725bce5569\">\n<div class=\"dslc-modules-section-wrapper dslc-clearfix\">\n<style type=\"text\/css\" id=\"dslca-modules-area-\"><\/style>\n<div  class=\"dslc-modules-area dslc-col dslc-12-col dslc-last-col dslc-valign- \" data-size=\"12\" data-valign=\"\" data-modules-area-id=\"\" >\n<div id=\"dslc-module-8bb92079931\" class=\"dslc-module-front dslc-module-DSLC_Text_Simple dslc-in-viewport-check dslc-in-viewport-anim-none  dslc-col dslc-12-col dslc-last-col  dslc-module-handle-like-regular \" data-module-id=\"8bb92079931\" data-module=\"DSLC_Text_Simple\" data-dslc-module-size=\"12\" data-dslc-anim=\"none\" data-dslc-anim-delay=\"\" data-dslc-anim-duration=\"650\"  data-dslc-anim-easing=\"ease\" data-dslc-preset=\"none\" >\n<div class=\"dslc-text-module-content\">\n<p style=\"text-align: center;\"><strong><span style=\"color: #ff0000;\">Das Bildarchiv wird zurzeit \u00fcberarbeit!<\/span><\/strong><\/p>\n<h2 style=\"text-align: center;\">Das Bildarchiv<\/h2>\n<h4 style=\"text-align: center;\">von <em>Heinrich Blana<\/em><\/h4>\n<h3>Einf\u00fchrung<\/h3>\n<p>Im Bildarchiv der Website \u201enatur-erforschen.net\" werden Fotos von Tieren, Pflanzen, Pilzen, Flechten und Lebensr\u00e4umen gesammelt, die seit \u00fcber drei Jahrzehnten vom Autor erstellt wurden. Die Aufnahmen stammen zum gro\u00dfen Teil aus dem \u00f6stlichen Ruhrgebiet und dem s\u00fcdlichen Westfalen und entstanden im Rahmen von Untersuchungen, Exkursionen und Spazierg\u00e4ngen sowie Lehrerfortbildungen zur praktischen Biologie im Schulumfeld. Dar\u00fcber hinaus wurde Bildmaterial w\u00e4hrend der Urlaube in S\u00fcdtirol und dem n\u00f6rdlichen Mittelmeerraum erstellt. Ziel der fotografischen T\u00e4tigkeit war und ist es, Anschauungsmaterial zu systematischen biologischen Gruppen, deren Formenvielfalt und Lebensweise sowie zu \u00f6kologischen Beziehungen und evolutionsbiologischen Aspekten f\u00fcr didaktische Zwecke zu sammeln und bereitzustellen. Website-intern werden viele Bilder dazu verwendet, die Lebensweise der Untersuchungsobjekte von \u00f6kologischen Projekten am Franz-Stock-Gymnasium in Arnsberg zu illustrieren (siehe Website-Bereich \u201eUnterrichtsprojekte\"). Daneben sind sie anschauliche Grundlage von \u00f6kologischen Themen, die im Website-Bereich \u201eThemenarchiv\" zusammengestellt werden.<\/p>\n<p>Neben der Zusammenstellung von Bildmaterial nach der biologisch-systematischen Ordnung sind in einem gesonderten Teil des Bildarchivs Bildersammlungen von Lebewesen in verschiedenen Regionen und in einzelnen Landschaftsr\u00e4umen zusammengestellt. Diese bildlich dokumentierten Beobachtungsergebnisse k\u00f6nnen f\u00fcr die Naturschutzarbeit vor Ort als zus\u00e4tzliche Vorkommensbefunde von Interesse sein.<\/p>\n<p>Fast alle Bilder des Bildarchivs entstanden w\u00e4hrend der Gel\u00e4ndeg\u00e4nge durch genaues Beobachten der Umgebung, um die Lebewesen an ihrem Habitat zu dokumentieren. Dabei wurden beim Auffinden von Tieren keine Fanghilfsmittel benutzt. Das bedeutet allerdings, dass durch den hohen Zufallsfaktor beim Fund von Tierartarten keine vollst\u00e4ndige Erfassung des Arteninventars in einem Beobachtungsraum oder eine genauere Dokumentation der Lebensweise einer Art erfolgen konnte. Diese Einschr\u00e4nkung wurde teilweise durch eine mehrfach wiederholte und dann gezielte Untersuchung des gleichen Raums reduziert.<\/p>\n<p>Die Bildergalerien des Bildarchivs beinhalten keine weitergehenden Erl\u00e4uterungen zur Lebensweise der Objekte. Aus der Fachliteratur zu den einzelnen Organismen-Ordnungen, welche zur Bestimmung oder zum Vergleich der Organismen genutzt wurde und die am Ende der Bildergalerien einer Ordnung zusammengestellt ist, lassen sich Angaben zu K\u00f6rpermerkmalen, Lebensraum, Lebensweise und Verbreitung der Arten ersehen. Besonders die Ver\u00f6ffentlichungen von Artenprofilen im Internet, die meist auf der entsprechenden Fachliteratur beruhen, sind hierf\u00fcr gut geeignet.<\/p>\n<p>Das Bildmaterial ist f\u00fcr nichtkommerzielle p\u00e4dagogische und pers\u00f6nliche Zwecke, z.B. f\u00fcr Lehrkr\u00e4fte oder Mitarbeiter im Naturschutz frei verf\u00fcgbar. Dabei sind die Datenschutz-Bestimmungen im Impressum zu beachten.<\/p>\n<p><strong>Anmerkungen zur fotografischen Aufnahme- und Bearbeitungstechnik<\/strong><\/p>\n<p>Im Laufe der vergangenen 30 Jahre, in denen die Bilder entstanden sind, haben sich die technischen M\u00f6glichkeiten in der Fotografie sowie die M\u00f6glichkeiten der Bildbearbeitung massiv ge\u00e4ndert und weiterentwickelt. Deshalb wird unter dem folgenden Link die benutzte Aufnahme- und Bildarbeitungstechnik kurz zusammengestellt: <a href=\"https:\/\/www.natur-erforschen.net\/bildarchiv\/beispiel-seite\/fotografische-hinweise.html\">Fotografische Hinweise.<\/a><\/p>\n<h2>Teil1 des Bildarchivs: Systematische Bildersammlung von Pflanzen, Tieren, Pilzen und Flechten<\/h2>\n<p>Zur Auswahl der systematischen Gruppe auf das entsprechende Bild klicken:<\/p>\n<figure id=\"attachment_1899\" class=\"wp-caption alignleft\" style=\"width: 260px;\" aria-describedby=\"caption-attachment-1899\"><a href=\"https:\/\/www.natur-erforschen.net\/bildarchiv\/tiere.html\"><img loading=\"lazy\" decoding=\"async\" class=\"alignleft wp-image-1899 size-full\" src=\"https:\/\/www.natur-erforschen.net\/bildarchiv\/wp-content\/uploads\/2021\/05\/wirbellose_260.jpg\" alt=\"\" width=\"260\" height=\"173\"><\/a><figcaption id=\"caption-attachment-1899\" class=\"wp-caption-text\">Wirbellose Tiere<\/figcaption><\/figure>\n<figure id=\"attachment_1900\" class=\"wp-caption alignleft\" style=\"width: 260px;\" aria-describedby=\"caption-attachment-1900\"><img loading=\"lazy\" decoding=\"async\" class=\"wp-image-1900 size-full\" src=\"https:\/\/www.natur-erforschen.net\/bildarchiv\/wp-content\/uploads\/2021\/05\/wirbeltiere_260.jpg\" alt=\"\" width=\"260\" height=\"173\"><figcaption id=\"caption-attachment-1900\" class=\"wp-caption-text\">Wirbeltiere<\/figcaption><\/figure>\n<figure id=\"attachment_1894\" class=\"wp-caption alignleft\" style=\"width: 260px;\" aria-describedby=\"caption-attachment-1894\"><img loading=\"lazy\" decoding=\"async\" class=\"wp-image-1894 size-full\" src=\"https:\/\/www.natur-erforschen.net\/bildarchiv\/wp-content\/uploads\/2021\/05\/bluetenpflanzen_260.jpg\" alt=\"\" width=\"260\" height=\"173\"><figcaption id=\"caption-attachment-1894\" class=\"wp-caption-text\">Bl\u00fctenpflanzen<\/figcaption><\/figure>\n<figure id=\"attachment_1895\" class=\"wp-caption alignleft\" style=\"width: 260px;\" aria-describedby=\"caption-attachment-1895\"><img loading=\"lazy\" decoding=\"async\" class=\"wp-image-1895 size-full\" src=\"https:\/\/www.natur-erforschen.net\/bildarchiv\/wp-content\/uploads\/2021\/05\/farnpflanzen_260.jpg\" alt=\"\" width=\"260\" height=\"173\"><figcaption id=\"caption-attachment-1895\" class=\"wp-caption-text\">Farnpflanzen<\/figcaption><\/figure>\n<p>\u00a0<\/p>\n<p>\u00a0<\/p>\n<p>\u00a0<\/p>\n<p>\u00a0<\/p>\n<p>\u00a0<\/p>\n<p>\u00a0<\/p>\n<figure id=\"attachment_1897\" class=\"wp-caption alignleft\" style=\"width: 260px;\" aria-describedby=\"caption-attachment-1897\"><img loading=\"lazy\" decoding=\"async\" class=\"wp-image-1897 size-full\" src=\"https:\/\/www.natur-erforschen.net\/bildarchiv\/wp-content\/uploads\/2021\/05\/moose_260.jpg\" alt=\"\" width=\"260\" height=\"173\"><figcaption id=\"caption-attachment-1897\" class=\"wp-caption-text\">Moose<\/figcaption><\/figure>\n<figure id=\"attachment_1898\" class=\"wp-caption alignleft\" style=\"width: 260px;\" aria-describedby=\"caption-attachment-1898\"><img loading=\"lazy\" decoding=\"async\" class=\"wp-image-1898 size-full\" src=\"https:\/\/www.natur-erforschen.net\/bildarchiv\/wp-content\/uploads\/2021\/05\/pilze_260.jpg\" alt=\"\" width=\"260\" height=\"173\"><figcaption id=\"caption-attachment-1898\" class=\"wp-caption-text\">Pilze<\/figcaption><\/figure>\n<figure id=\"attachment_1896\" class=\"wp-caption alignleft\" style=\"width: 260px;\" aria-describedby=\"caption-attachment-1896\"><img loading=\"lazy\" decoding=\"async\" class=\"wp-image-1896 size-full\" src=\"https:\/\/www.natur-erforschen.net\/bildarchiv\/wp-content\/uploads\/2021\/05\/flechten_260.jpg\" alt=\"\" width=\"260\" height=\"173\"><figcaption id=\"caption-attachment-1896\" class=\"wp-caption-text\">Flechten<\/figcaption><\/figure>\n<p>\u00a0<\/p>\n<p>\u00a0<\/p>\n<p>\u00a0<\/p>\n<p>\u00a0<\/p>\n<p>\u00a0<\/p>\n<p>\u00a0<\/p>\n<p><strong>Hinweis zum Bearbeitungsstand der Bildersammlung<\/strong><\/p>\n<p>Die biologisch-systematische Ordnung des Bildarchivs gibt ein Navigationsger\u00fcst vor, welches sukzessiv und in unregelm\u00e4\u00dfigen Abst\u00e4nden mit Bildmaterial gef\u00fcllt wird. Um nicht erfolglos nach Bildern suchen zu m\u00fcssen, wird unter dem folgenden Link kontinuierlich der jeweilige Arbeitsstand, besser \u201eF\u00fcllstand\" des Bildarchivs angegeben:<\/p>\n<h5 style=\"text-align: center;\"><a href=\"https:\/\/www.natur-erforschen.net\/bildarchiv\/beispiel-seite\/arbeitsstand-bildarchiv.html\">Von welchen Organismengruppen sind bereits Abbildungen in der systematischen Bildersammlung zu finden?<\/a><\/h5>\n<h2>Teil2 des Bildarchivs: Bildersammlungen von Tieren und Pflanzen in Landschaftsr\u00e4umen<\/h2>\n<p>Zur Auswahl des Landschaftsraums auf das entprechende Bild klicken:<\/p>\n<figure id=\"attachment_1890\" class=\"wp-caption alignleft\" style=\"width: 260px;\" aria-describedby=\"caption-attachment-1890\"><img loading=\"lazy\" decoding=\"async\" class=\"wp-image-1890 size-full\" src=\"https:\/\/www.natur-erforschen.net\/bildarchiv\/wp-content\/uploads\/2021\/05\/phoenixsee_260.jpg\" alt=\"\" width=\"260\" height=\"173\"><figcaption id=\"caption-attachment-1890\" class=\"wp-caption-text\">Phoenixsee Dortmund-H\u00f6rde<\/figcaption><\/figure>\n<figure id=\"attachment_1888\" class=\"wp-caption alignleft\" style=\"width: 260px;\" aria-describedby=\"caption-attachment-1888\"><img loading=\"lazy\" decoding=\"async\" class=\"wp-image-1888 size-full\" src=\"https:\/\/www.natur-erforschen.net\/bildarchiv\/wp-content\/uploads\/2021\/05\/deusen_260.jpg\" alt=\"\" width=\"260\" height=\"173\"><figcaption id=\"caption-attachment-1888\" class=\"wp-caption-text\">NABU-Schutzgebiet Flotabecken Dortmund-Deusen<\/figcaption><\/figure>\n<figure id=\"attachment_1889\" class=\"wp-caption alignleft\" style=\"width: 260px;\" aria-describedby=\"caption-attachment-1889\"><img loading=\"lazy\" decoding=\"async\" class=\"wp-image-1889 size-full\" src=\"https:\/\/www.natur-erforschen.net\/bildarchiv\/wp-content\/uploads\/2021\/05\/hengsen_260.jpg\" alt=\"\" width=\"260\" height=\"173\"><figcaption id=\"caption-attachment-1889\" class=\"wp-caption-text\">Milit\u00e4risches \u00dcbungsgel\u00e4nde Holzwickede-Hengsen<\/figcaption><\/figure>\n<figure id=\"attachment_1887\" class=\"wp-caption alignleft\" style=\"width: 260px;\" aria-describedby=\"caption-attachment-1887\"><img loading=\"lazy\" decoding=\"async\" class=\"wp-image-1887 size-full\" src=\"https:\/\/www.natur-erforschen.net\/bildarchiv\/wp-content\/uploads\/2021\/05\/buerenbruch_260.jpg\" alt=\"\" width=\"260\" height=\"174\"><figcaption id=\"caption-attachment-1887\" class=\"wp-caption-text\">B\u00fcrenbruch Schwerte-Ergste<\/figcaption><\/figure>\n<p>\u00a0<\/p>\n<p>\u00a0<\/p>\n<p>\u00a0<\/p>\n<p>\u00a0<\/p>\n<p>\u00a0<\/p>\n<p>\u00a0<\/p>\n<p>\u00a0<\/p>\n<figure id=\"attachment_1891\" class=\"wp-caption alignleft\" style=\"width: 260px;\" aria-describedby=\"caption-attachment-1891\"><img loading=\"lazy\" decoding=\"async\" class=\"wp-image-1891 size-full\" src=\"https:\/\/www.natur-erforschen.net\/bildarchiv\/wp-content\/uploads\/2021\/05\/rumbeck_260.jpg\" alt=\"\" width=\"260\" height=\"173\"><figcaption id=\"caption-attachment-1891\" class=\"wp-caption-text\">NSG Rumbecker Holz Arnsberg-H\u00fcsten<\/figcaption><\/figure>\n<figure id=\"attachment_1893\" class=\"wp-caption alignleft\" style=\"width: 260px;\" aria-describedby=\"caption-attachment-1893\"><img loading=\"lazy\" decoding=\"async\" class=\"wp-image-1893 size-full\" src=\"https:\/\/www.natur-erforschen.net\/bildarchiv\/wp-content\/uploads\/2021\/05\/sternhelle_260.jpg\" alt=\"\" width=\"260\" height=\"173\"><figcaption id=\"caption-attachment-1893\" class=\"wp-caption-text\">NSG Sternhelle Arnsberg-Herdringen<\/figcaption><\/figure>\n<figure id=\"attachment_1892\" class=\"wp-caption alignleft\" style=\"width: 260px;\" aria-describedby=\"caption-attachment-1892\"><img loading=\"lazy\" decoding=\"async\" class=\"wp-image-1892 size-full\" src=\"https:\/\/www.natur-erforschen.net\/bildarchiv\/wp-content\/uploads\/2021\/05\/spreiberg_260.jpg\" alt=\"\" width=\"260\" height=\"173\"><figcaption id=\"caption-attachment-1892\" class=\"wp-caption-text\">NSG Spreiberg Arnsberg-M\u00fcschede<\/figcaption><\/figure>\n<p>\u00a0<\/p>\n<p>\u00a0<\/p>\n<p>\u00a0<\/p>\n<p>\u00a0<\/p>\n<p>\u00a0<\/p>\n<p>\u00a0<\/p>\n<p>\u00a0<\/p>\n<h5 style=\"text-align: left;\">Um zu einem der drei Website-Bereiche zur\u00fcckzukehren, klicken Sie auf das entsprechende Bereichsbild!<\/h5>\n<\/p><\/div>\n<\/p><\/div>\n<p><!-- .dslc-module -->\n\t\t<\/div>\n<\/div>\n<\/div>\n<div  class=\"dslc-modules-section \" style=\"\" data-section-id=\"d5f4b1af3c5\">\n<div class=\"dslc-modules-section-wrapper dslc-clearfix\">\n<style type=\"text\/css\" id=\"dslca-modules-area-\"><\/style>\n<div  class=\"dslc-modules-area dslc-col dslc-12-col dslc-last-col dslc-valign- \" data-size=\"12\" data-valign=\"\" data-modules-area-id=\"\" >\n<div id=\"dslc-module-118e9dd5054\" class=\"dslc-module-front dslc-module-DSLC_Notification dslc-in-viewport-check dslc-in-viewport-anim-none  dslc-col dslc-4-col  dslc-module-handle-like-regular \" data-module-id=\"118e9dd5054\" data-module=\"DSLC_Notification\" data-dslc-module-size=\"4\" data-dslc-anim=\"none\" data-dslc-anim-delay=\"\" data-dslc-anim-duration=\"650\"  data-dslc-anim-easing=\"ease\" data-dslc-preset=\"none\" >\n<div class=\"dslc-notification-box \" data-notification-timeout=\"\">\n<div class=\"dslc-notification-box-content  dslca-editable-content\" data-id=\"content\" data-edit-id=\"0\">\n<p><a href=\"https:\/\/www.natur-erforschen.net\/\" target=\"_blank\" rel=\"noopener noreferrer\"><img loading=\"lazy\" decoding=\"async\" class=\"aligncenter wp-image-758 size-medium\" src=\"https:\/\/www.natur-erforschen.net\/bildarchiv\/wp-content\/uploads\/2018\/02\/navigation_projekte_1a-300x200.jpg\" alt=\"\" width=\"300\" height=\"200\" srcset=\"https:\/\/www.natur-erforschen.net\/bildarchiv\/wp-content\/uploads\/2018\/02\/navigation_projekte_1a-300x200.jpg 300w, https:\/\/www.natur-erforschen.net\/bildarchiv\/wp-content\/uploads\/2018\/02\/navigation_projekte_1a-768x512.jpg 768w, https:\/\/www.natur-erforschen.net\/bildarchiv\/wp-content\/uploads\/2018\/02\/navigation_projekte_1a-1024x682.jpg 1024w, https:\/\/www.natur-erforschen.net\/bildarchiv\/wp-content\/uploads\/2018\/02\/navigation_projekte_1a-660x440.jpg 660w, https:\/\/www.natur-erforschen.net\/bildarchiv\/wp-content\/uploads\/2018\/02\/navigation_projekte_1a-450x300.jpg 450w, https:\/\/www.natur-erforschen.net\/bildarchiv\/wp-content\/uploads\/2018\/02\/navigation_projekte_1a.jpg 1280w\" sizes=\"auto, (max-width: 300px) 100vw, 300px\" \/><\/a><\/p>\n<p>Hier kommen Sie zum <a href=\"https:\/\/www.natur-erforschen.net\/unterrichtsprojekte.html\" target=\"_blank\" rel=\"noopener noreferrer\"><strong>Bereich Projekte<\/strong><\/a>. Dort finden Sie Beschreibungen, Untersuchungs-ergebnisse, Bilder und Materialien zu verschiedenen praktisch durchgef\u00fchrten Unterrichtsprojekten.<\/p>\n<\/p><\/div>\n<p>\t\t\t\t\t\t\t\t<span class=\"dslc-notification-box-close\"><span class=\"dslc-icon dslc-icon-remove\"><\/span><\/span>\n\t\t\t<\/div>\n<p><!-- .dslc-notification-box --><\/p><\/div>\n<p><!-- .dslc-module --><\/p>\n<div id=\"dslc-module-7umk4kqv5ds\" class=\"dslc-module-front dslc-module-DSLC_Notification dslc-in-viewport-check dslc-in-viewport-anim-none  dslc-col dslc-4-col  dslc-module-handle-like-regular \" data-module-id=\"7umk4kqv5ds\" data-module=\"DSLC_Notification\" data-dslc-module-size=\"4\" data-dslc-anim=\"none\" data-dslc-anim-delay=\"\" data-dslc-anim-duration=\"650\"  data-dslc-anim-easing=\"ease\" data-dslc-preset=\"none\" >\n<div class=\"dslc-notification-box \" data-notification-timeout=\"\">\n<div class=\"dslc-notification-box-content  dslca-editable-content\" data-id=\"content\" data-edit-id=\"0\">\n<p><a href=\"https:\/\/www.natur-erforschen.net\/themenarchiv\/\" target=\"_blank\" rel=\"noopener noreferrer\"><img loading=\"lazy\" decoding=\"async\" class=\"size-medium wp-image-759 aligncenter\" src=\"https:\/\/www.natur-erforschen.net\/bildarchiv\/wp-content\/uploads\/2018\/02\/navigation_themenarchiv_1a-300x200.jpg\" alt=\"\" width=\"300\" height=\"200\" srcset=\"https:\/\/www.natur-erforschen.net\/bildarchiv\/wp-content\/uploads\/2018\/02\/navigation_themenarchiv_1a-300x200.jpg 300w, https:\/\/www.natur-erforschen.net\/bildarchiv\/wp-content\/uploads\/2018\/02\/navigation_themenarchiv_1a-768x512.jpg 768w, https:\/\/www.natur-erforschen.net\/bildarchiv\/wp-content\/uploads\/2018\/02\/navigation_themenarchiv_1a-1024x682.jpg 1024w, https:\/\/www.natur-erforschen.net\/bildarchiv\/wp-content\/uploads\/2018\/02\/navigation_themenarchiv_1a-660x440.jpg 660w, https:\/\/www.natur-erforschen.net\/bildarchiv\/wp-content\/uploads\/2018\/02\/navigation_themenarchiv_1a-450x300.jpg 450w, https:\/\/www.natur-erforschen.net\/bildarchiv\/wp-content\/uploads\/2018\/02\/navigation_themenarchiv_1a.jpg 1280w\" sizes=\"auto, (max-width: 300px) 100vw, 300px\" \/><\/a><\/p>\n<p>Hier kommen Sie zum <a href=\"https:\/\/www.natur-erforschen.net\/themenarchiv\" target=\"_blank\" rel=\"noopener noreferrer\"><strong>Themenarchiv<\/strong><\/a>. Dort finden Sie Bildmaterial zu verschiedenen \u00f6kologischen und evolutionsbiologischen Themen, z.B. Mimese-Mimikry, Polymorphismus, Lebensraum Waldboden.<\/p>\n<\/p><\/div>\n<p>\t\t\t\t\t\t\t\t<span class=\"dslc-notification-box-close\"><span class=\"dslc-icon dslc-icon-remove\"><\/span><\/span>\n\t\t\t<\/div>\n<p><!-- .dslc-notification-box --><\/p><\/div>\n<p><!-- .dslc-module --><\/p>\n<div id=\"dslc-module-i9gh3r5q4cs\" class=\"dslc-module-front dslc-module-DSLC_Notification dslc-in-viewport-check dslc-in-viewport-anim-none  dslc-col dslc-4-col dslc-last-col  dslc-module-handle-like-regular \" data-module-id=\"i9gh3r5q4cs\" data-module=\"DSLC_Notification\" data-dslc-module-size=\"4\" data-dslc-anim=\"none\" data-dslc-anim-delay=\"\" data-dslc-anim-duration=\"650\"  data-dslc-anim-easing=\"ease\" data-dslc-preset=\"none\" >\n<div class=\"dslc-notification-box \" data-notification-timeout=\"\">\n<div class=\"dslc-notification-box-content  dslca-editable-content\" data-id=\"content\" data-edit-id=\"0\">\n<p><img loading=\"lazy\" decoding=\"async\" class=\"size-medium wp-image-757 aligncenter\" src=\"https:\/\/www.natur-erforschen.net\/bildarchiv\/wp-content\/uploads\/2018\/02\/navigation_bildarchiv_1a-300x200.jpg\" alt=\"\" width=\"300\" height=\"200\" srcset=\"https:\/\/www.natur-erforschen.net\/bildarchiv\/wp-content\/uploads\/2018\/02\/navigation_bildarchiv_1a-300x200.jpg 300w, https:\/\/www.natur-erforschen.net\/bildarchiv\/wp-content\/uploads\/2018\/02\/navigation_bildarchiv_1a-768x512.jpg 768w, https:\/\/www.natur-erforschen.net\/bildarchiv\/wp-content\/uploads\/2018\/02\/navigation_bildarchiv_1a-1024x682.jpg 1024w, https:\/\/www.natur-erforschen.net\/bildarchiv\/wp-content\/uploads\/2018\/02\/navigation_bildarchiv_1a-660x440.jpg 660w, https:\/\/www.natur-erforschen.net\/bildarchiv\/wp-content\/uploads\/2018\/02\/navigation_bildarchiv_1a-450x300.jpg 450w, https:\/\/www.natur-erforschen.net\/bildarchiv\/wp-content\/uploads\/2018\/02\/navigation_bildarchiv_1a.jpg 1280w\" sizes=\"auto, (max-width: 300px) 100vw, 300px\" \/><\/p>\n<p>Hier kommen Sie zum <strong>Bildarchiv<\/strong>. Dort finden Sie - systematisch geordnet\u00a0 - Fotos von vielen Tier-, Pflanzen- und Pilzgruppen als Anschauungsmaterial.<\/p>\n<\/p><\/div>\n<p>\t\t\t\t\t\t\t\t<span class=\"dslc-notification-box-close\"><span class=\"dslc-icon dslc-icon-remove\"><\/span><\/span>\n\t\t\t<\/div>\n<p><!-- .dslc-notification-box --><\/p><\/div>\n<p><!-- .dslc-module -->\n\t\t<\/div>\n<\/div>\n<\/div>\n<\/div>\n<\/div>\n<\/div><\/div>","protected":false},"excerpt":{"rendered":"<p>Das Bildarchiv wird zurzeit \u00fcberarbeit! Das Bildarchiv von Heinrich Blana Einf\u00fchrung Im Bildarchiv der Website \u201enatur-erforschen.net\" werden Fotos von Tieren, Pflanzen, Pilzen, Flechten und Lebensr\u00e4umen gesammelt, die seit \u00fcber drei Jahrzehnten vom Autor erstellt wurden. Die Aufnahmen stammen zum gro\u00dfen Teil aus dem \u00f6stlichen Ruhrgebiet und dem s\u00fcdlichen Westfalen und entstanden im Rahmen von Untersuchungen, [&hellip;]<\/p>\n","protected":false},"author":1,"featured_media":0,"parent":0,"menu_order":1,"comment_status":"closed","ping_status":"open","template":"","meta":{"footnotes":""},"class_list":["post-2","page","type-page","status-publish","hentry","wpbf-post"],"_links":{"self":[{"href":"https:\/\/www.natur-erforschen.net\/bildarchiv\/wp-json\/wp\/v2\/pages\/2","targetHints":{"allow":["GET"]}}],"collection":[{"href":"https:\/\/www.natur-erforschen.net\/bildarchiv\/wp-json\/wp\/v2\/pages"}],"about":[{"href":"https:\/\/www.natur-erforschen.net\/bildarchiv\/wp-json\/wp\/v2\/types\/page"}],"author":[{"embeddable":true,"href":"https:\/\/www.natur-erforschen.net\/bildarchiv\/wp-json\/wp\/v2\/users\/1"}],"replies":[{"embeddable":true,"href":"https:\/\/www.natur-erforschen.net\/bildarchiv\/wp-json\/wp\/v2\/comments?post=2"}],"version-history":[{"count":1,"href":"https:\/\/www.natur-erforschen.net\/bildarchiv\/wp-json\/wp\/v2\/pages\/2\/revisions"}],"predecessor-version":[{"id":2157,"href":"https:\/\/www.natur-erforschen.net\/bildarchiv\/wp-json\/wp\/v2\/pages\/2\/revisions\/2157"}],"wp:attachment":[{"href":"https:\/\/www.natur-erforschen.net\/bildarchiv\/wp-json\/wp\/v2\/media?parent=2"}],"curies":[{"name":"wp","href":"https:\/\/api.w.org\/{rel}","templated":true}]}}