{"id":1400,"date":"2021-05-23T10:18:54","date_gmt":"2021-05-23T08:18:54","guid":{"rendered":"https:\/\/www.natur-erforschen.net\/themenarchiv\/?page_id=1400"},"modified":"2021-06-07T08:11:02","modified_gmt":"2021-06-07T06:11:02","slug":"einleitung-artenschutz","status":"publish","type":"page","link":"https:\/\/www.natur-erforschen.net\/themenarchiv\/themen\/biotop-und-artenschutz\/einleitung-artenschutz.html","title":{"rendered":"Einleitung Artenschutz"},"content":{"rendered":"<div id=\"dslc-theme-content\"><div id=\"dslc-theme-content-inner\"><div id=\"dslc-content\" class=\"dslc-content dslc-clearfix\">\n<div id=\"dslc-main\">\n<div  class=\"dslc-modules-section \" style=\"\" data-section-id=\"ea71588ba85\">\n<div class=\"dslc-modules-section-wrapper dslc-clearfix\">\n<style type=\"text\/css\" id=\"dslca-modules-area-\"><\/style>\n<div  class=\"dslc-modules-area dslc-col dslc-12-col dslc-last-col dslc-valign- \" data-size=\"12\" data-valign=\"\" data-modules-area-id=\"\" >\n<div id=\"dslc-module-8bcb8dfeff3\" class=\"dslc-module-front dslc-module-DSLC_Text_Simple dslc-in-viewport-check dslc-in-viewport-anim-none  dslc-col dslc-12-col dslc-last-col  dslc-module-handle-like-regular \" data-module-id=\"8bcb8dfeff3\" data-module=\"DSLC_Text_Simple\" data-dslc-module-size=\"12\" data-dslc-anim=\"none\" data-dslc-anim-delay=\"\" data-dslc-anim-duration=\"650\"  data-dslc-anim-easing=\"ease\" data-dslc-preset=\"none\" >\n<div class=\"dslc-text-module-content\">\n<p>\u00a0<\/p>\n<p>\u00a0<\/p>\n<h1><img loading=\"lazy\" decoding=\"async\" class=\"aligncenter wp-image-577 size-full\" src=\"https:\/\/www.natur-erforschen.net\/themenarchiv\/wp-content\/uploads\/2020\/08\/kaiserstuhl_600.jpg\" alt=\"\" width=\"600\" height=\"399\" srcset=\"https:\/\/www.natur-erforschen.net\/themenarchiv\/wp-content\/uploads\/2020\/08\/kaiserstuhl_600.jpg 600w, https:\/\/www.natur-erforschen.net\/themenarchiv\/wp-content\/uploads\/2020\/08\/kaiserstuhl_600-300x200.jpg 300w, https:\/\/www.natur-erforschen.net\/themenarchiv\/wp-content\/uploads\/2020\/08\/kaiserstuhl_600-450x299.jpg 450w\" sizes=\"auto, (max-width: 600px) 100vw, 600px\" \/><\/h1>\n<p><em>\u00a0<\/em><\/p>\n<p style=\"text-align: center;\"><em>Heinrich Blana und Martin Post<\/em><\/p>\n<h3 style=\"text-align: center;\">Arten- und Biotopschutz in Deutschland<\/h3>\n<p>Nat\u00fcrliche und naturnahe Landschaften sind durch eine landschaftstypische Vielfalt von Pflanzen-, Tier- und Pilzarten und deren \u00f6kologische Einbindung in komplexe Netzwerke von vielf\u00e4ltigen gegenseitigen Beziehungen und Abh\u00e4ngigkeiten charakterisiert. Durch unterschiedliche traditionelle und neu entstandenen Nutzungsanspr\u00fcche des Menschen an die Landschaft wie zunehmender, massiver Fl\u00e4chenverbrauch f\u00fcr diverse Neubaut\u00e4tigkeiten, eine Verinselung naturnaher Biotope sowie eine Intensivierung der Fl\u00e4chennutzungen zur Ertragssteigerung sind weiterhin vielfach Landschaftsbereiche mit hoher Artenvielfalt bedroht.<\/p>\n<p>Zum Schutz, Erhalt und zur Entwicklung einer Biodiversit\u00e4t ist es entscheidend, dass der Arten- und Biotopschutz im politischen Abw\u00e4gungsprozess unterschiedlicher Nutzungsanspr\u00fcche eine starke allgemeinverbindliche und nachvollziehbare Basis durch vorhandene Untersuchungsergebnisse und g\u00fcltige Rechtsvorschriften einbringen kann, um Erfolg gegen\u00fcber Eingriffsinteressen in die Landschaft zu haben.<\/p>\n<p>\u00a0<\/p>\n<\/p><\/div>\n<\/p><\/div>\n<p><!-- .dslc-module -->\n\t\t<\/div>\n<\/div>\n<\/div>\n<\/div>\n<\/div>\n<\/div><\/div>","protected":false},"excerpt":{"rendered":"<p>\u00a0 \u00a0 \u00a0 Heinrich Blana und Martin Post Arten- und Biotopschutz in Deutschland Nat\u00fcrliche und naturnahe Landschaften sind durch eine landschaftstypische Vielfalt von Pflanzen-, Tier- und Pilzarten und deren \u00f6kologische Einbindung in komplexe Netzwerke von vielf\u00e4ltigen gegenseitigen Beziehungen und Abh\u00e4ngigkeiten charakterisiert. Durch unterschiedliche traditionelle und neu entstandenen Nutzungsanspr\u00fcche des Menschen an die Landschaft wie zunehmender, [&hellip;]<\/p>\n","protected":false},"author":1,"featured_media":0,"parent":296,"menu_order":0,"comment_status":"closed","ping_status":"closed","template":"","meta":{"footnotes":""},"class_list":["post-1400","page","type-page","status-publish","hentry","wpbf-post"],"_links":{"self":[{"href":"https:\/\/www.natur-erforschen.net\/themenarchiv\/wp-json\/wp\/v2\/pages\/1400","targetHints":{"allow":["GET"]}}],"collection":[{"href":"https:\/\/www.natur-erforschen.net\/themenarchiv\/wp-json\/wp\/v2\/pages"}],"about":[{"href":"https:\/\/www.natur-erforschen.net\/themenarchiv\/wp-json\/wp\/v2\/types\/page"}],"author":[{"embeddable":true,"href":"https:\/\/www.natur-erforschen.net\/themenarchiv\/wp-json\/wp\/v2\/users\/1"}],"replies":[{"embeddable":true,"href":"https:\/\/www.natur-erforschen.net\/themenarchiv\/wp-json\/wp\/v2\/comments?post=1400"}],"version-history":[{"count":1,"href":"https:\/\/www.natur-erforschen.net\/themenarchiv\/wp-json\/wp\/v2\/pages\/1400\/revisions"}],"predecessor-version":[{"id":1401,"href":"https:\/\/www.natur-erforschen.net\/themenarchiv\/wp-json\/wp\/v2\/pages\/1400\/revisions\/1401"}],"up":[{"embeddable":true,"href":"https:\/\/www.natur-erforschen.net\/themenarchiv\/wp-json\/wp\/v2\/pages\/296"}],"wp:attachment":[{"href":"https:\/\/www.natur-erforschen.net\/themenarchiv\/wp-json\/wp\/v2\/media?parent=1400"}],"curies":[{"name":"wp","href":"https:\/\/api.w.org\/{rel}","templated":true}]}}