{"id":371,"date":"2020-07-09T09:29:09","date_gmt":"2020-07-09T07:29:09","guid":{"rendered":"https:\/\/www.natur-erforschen.net\/themenarchiv\/?page_id=371"},"modified":"2021-11-05T21:09:12","modified_gmt":"2021-11-05T20:09:12","slug":"literatur-phaenologie","status":"publish","type":"page","link":"https:\/\/www.natur-erforschen.net\/themenarchiv\/themen\/phaenologie\/phaenologische-entwicklung-von-pflanzen-im-laubwald-2\/literatur-phaenologie.html","title":{"rendered":"Literatur Ph\u00e4nologie Pflanzen Laubwald"},"content":{"rendered":"<div id=\"dslc-theme-content\"><div id=\"dslc-theme-content-inner\"><div id=\"dslc-content\" class=\"dslc-content dslc-clearfix\">\n<div id=\"dslc-main\">\n<div  class=\"dslc-modules-section \" style=\"\" data-section-id=\"5650e6a39e4\">\n<div class=\"dslc-modules-section-wrapper dslc-clearfix\">\n<style type=\"text\/css\" id=\"dslca-modules-area-\"><\/style>\n<div  class=\"dslc-modules-area dslc-col dslc-12-col dslc-last-col dslc-valign- \" data-size=\"12\" data-valign=\"\" data-modules-area-id=\"\" >\n<div id=\"dslc-module-c542e681bdc\" class=\"dslc-module-front dslc-module-DSLC_Text_Simple dslc-in-viewport-check dslc-in-viewport-anim-none  dslc-col dslc-12-col dslc-last-col  dslc-module-handle-like-regular \" data-module-id=\"c542e681bdc\" data-module=\"DSLC_Text_Simple\" data-dslc-module-size=\"12\" data-dslc-anim=\"none\" data-dslc-anim-delay=\"\" data-dslc-anim-duration=\"650\"  data-dslc-anim-easing=\"ease\" data-dslc-preset=\"none\" >\n<div class=\"dslc-text-module-content\">\n<h3 style=\"text-align: center;\">Literatur und Bildquellen zur Ph\u00e4nologie<\/h3>\n<p><strong>Genutzte Literatur zur Ph\u00e4nologie der Pflanzen:<\/strong><\/p>\n<p>BECK (2012): Was l\u00e4sst Pflanzen bl\u00fchen? <a href=\"https:\/\/www.max-wissen.de\/Fachwissen\/show\/5843?seite=4\">https:\/\/www.max-wissen.de\/Fachwissen\/show\/5843?seite=4<\/a><\/p>\n<p>DEUTSCHER WETTERDIENST (2018): Ph\u00e4nologie-Monitoring \u2013 ein Projekt von naturgucker.de und DWD.<br \/><a href=\"https:\/\/www.dwd.de\/DE\/klimaumwelt\/aktuelle_meldungen\/180308\/phaenologie_koop_naturgucker_180308.html\">https:\/\/www.dwd.de\/DE\/klimaumwelt\/aktuelle_meldungen\/180308\/phaenologie_koop_naturgucker_180308.html<\/a><\/p>\n<p>D\u00dcLL, R. & H. KUTZELNIGG (2016): Taschenlexikon der Pflanzen Deutschlands und angrenzender L\u00e4nder. Aula-Verlag Wiesbaden, 775 S.<\/p>\n<p>ELLENBERG H. & C. LEUSCHNER (2016): Vegetation Mitteleuropas mit den Alpen, 6. Auflage. Ulmer-Verlag Stuttgart, 1334 S.<\/p>\n<p>H\u00c4RDTLE, W., J. EWALD, N. H\u00d6LZEL (2004): W\u00e4lder des Tieflands und der Mittelgebirge. Ulmer-Verlag Stuttgart, 252 S.<\/p>\n<p>HESS, D. (1993): Die Bl\u00fcte \u2013 Eine Einf\u00fchrung in Struktur und Funktion, \u00d6kologie und Evolution der Bl\u00fcte. Ulmer-Verlag Stuttgart, 458 S.<\/p>\n<p><a href=\"https:\/\/nachrichten.idw-online.de\/2020\/05\/26\/komplexe-genetische-regulation-des-bluetezeitpunkts\/\">KEMPKEN F. (2010): <\/a>Komplexe genetische Regulation des Bl\u00fctezeitpunkts.\u00a0 <a href=\"https:\/\/nachrichten.idw-online.de\/2020\/05\/26\/komplexe-genetische-regulation-des-bluetezeitpunkts\/\">https:\/\/www.natur-erforschen.net\/themenarchiv\/wp-admin\/admin.php?page=livecomposer_editor&page_id=371<\/a><\/p>\n<p><a href=\"https:\/\/www.pflanzenforschung.de\/de\/pflanzenwissen\/journal\/fruehlingserwachen-verstehen-bluetenbildung-wird-durch-10780\">LUTZ et al. (2017): Fr\u00fchlingserwachen verstehen<\/a>\u00a0 <a href=\"https:\/\/www.pflanzenforschung.de\/de\/pflanzenwissen\/journal\/fruehlingserwachen-verstehen-bluetenbildung-wird-durch-10780\">https:\/\/www.pflanzenforschung.de\/de\/pflanzenwissen\/journal\/fruehlingserwachen-verstehen-bluetenbildung-wird-durch-10780<\/a><\/p>\n<p>SCHIRMER, H. (1987): Meyers Kleines Lexikon Meteorologie. Meyers Lexikonverlag Mannheim.<\/p>\n<p>SCHMID, M 2013): Pflanzenbl\u00fcte ist eine Frage des Timings,\u00a0<a href=\"https:\/\/www.mpg.de\/7529329\/bluehzeitpunkt_arabidopsis\">https:\/\/www.mpg.de\/7529329\/bluehzeitpunkt_arabidopsis<\/a><\/p>\n<p>SLOBODDA, S. (1983): Pflanzengemeinschaften und ihre Umwelt. Verlag Quelle & Meyer Heidelberg, 214 S.<\/p>\n<p><strong>Genutzte Literatur zu den Pflanzengallen auf den Fotos der Bildergalerien:<\/strong><\/p>\n<p>BEIDERBECK, R. & I. KOEVOET (1979): Pflanzengallen am Wegesrand. Franckh\u00b4sche Verlagshandlung Stuttgart, 127 S.<\/p>\n<p>\u00a0BELLMANN, H. (2012): Geheimnisvolle Pflanzengallen. Quelle & Meyer Verlag Wiebelsheim, 312 S.<\/p>\n<p>REDFERN, M & R.R. ASKEW (1992): Plant galls. Naturalists\u00b4 Handbooks 17. Richmond Publishing, 99 S.<\/p>\n<p><strong>Genutzte Literatur zu den bl\u00fctenbesuchenden Insekten auf den Fotos der Bildergalerien:<\/strong><\/p>\n<p>AMIET, F. & A. KREBS (2012): Bienen Mitteleuropas \u2013 Gattungen, Lebensweise, Beobachtung. Haupt Verlag Bern, 423 S.<\/p>\n<p>BALL, S. & R.Morris (2015): Britain\u00b4s Hoverflies \u2013 A field guide. Princeton University Press, Princeton, 312 S.<\/p>\n<p>BELLMANN, H. (1995): Bienen, Wespen, Ameisen \u2013 Hautfl\u00fcgler Mitteleuropas. Kosmos Naturf\u00fchrer, Franckh-Kosmos Verlag Stuttgart, 336 S.<\/p>\n<p>HAUPT. J. & H. HAUPT (1998): Fliegen und M\u00fccken \u2013 Beobachtung, Lebensweise. Naturbuch Verlag Augsburg, 351 S.<\/p>\n<p>KORMANN, K. (2002): Schwebfliegen und Blasenkopffliegen Mitteleuropas. Fauna Naturf\u00fchrer Band 1, Fauna Verlag Nottuln, 270 S.<\/p>\n<p>M\u00d6LLER, G., R. GRUBE u. E WACHMANN (2006): Der Fauna-K\u00e4ferf\u00fchrer I. K\u00e4fer im und am Wald. Fauna Naturf\u00fchrer Band 2, Fauna Verlag Nottuln, 334 S.<\/p>\n<p>TRAUTNER, J., GEIGENM\u00dcLLER, K. u. U. BENSE (1989): K\u00e4fer- beobachten \u2013 bestimmen. Verlag Neumann-Neudamm Melsungen, 416 S.<\/p>\n<p>VON HAGEN, E. (1988): Hummeln. Verlag Neumann-Neudamm Melsungen, 256 S. \u00a0<\/p>\n<p><strong>Bildquellen<\/strong><\/p>\n<p>Alle Bilder und Grafiken wurden vom Autor erstellt.<\/p>\n<\/p><\/div>\n<\/p><\/div>\n<p><!-- .dslc-module -->\n\t\t<\/div>\n<\/div>\n<\/div>\n<\/div>\n<\/div>\n<\/div><\/div>","protected":false},"excerpt":{"rendered":"<p>Literatur und Bildquellen zur Ph\u00e4nologie Genutzte Literatur zur Ph\u00e4nologie der Pflanzen: BECK (2012): Was l\u00e4sst Pflanzen bl\u00fchen? https:\/\/www.max-wissen.de\/Fachwissen\/show\/5843?seite=4 DEUTSCHER WETTERDIENST (2018): Ph\u00e4nologie-Monitoring \u2013 ein Projekt von naturgucker.de und DWD.https:\/\/www.dwd.de\/DE\/klimaumwelt\/aktuelle_meldungen\/180308\/phaenologie_koop_naturgucker_180308.html D\u00dcLL, R. &#038; H. KUTZELNIGG (2016): Taschenlexikon der Pflanzen Deutschlands und angrenzender L\u00e4nder. Aula-Verlag Wiesbaden, 775 S. ELLENBERG H. &#038; C. LEUSCHNER (2016): Vegetation Mitteleuropas mit [&hellip;]<\/p>\n","protected":false},"author":1,"featured_media":0,"parent":314,"menu_order":7,"comment_status":"closed","ping_status":"closed","template":"","meta":{"footnotes":""},"class_list":["post-371","page","type-page","status-publish","hentry","wpbf-post"],"_links":{"self":[{"href":"https:\/\/www.natur-erforschen.net\/themenarchiv\/wp-json\/wp\/v2\/pages\/371","targetHints":{"allow":["GET"]}}],"collection":[{"href":"https:\/\/www.natur-erforschen.net\/themenarchiv\/wp-json\/wp\/v2\/pages"}],"about":[{"href":"https:\/\/www.natur-erforschen.net\/themenarchiv\/wp-json\/wp\/v2\/types\/page"}],"author":[{"embeddable":true,"href":"https:\/\/www.natur-erforschen.net\/themenarchiv\/wp-json\/wp\/v2\/users\/1"}],"replies":[{"embeddable":true,"href":"https:\/\/www.natur-erforschen.net\/themenarchiv\/wp-json\/wp\/v2\/comments?post=371"}],"version-history":[{"count":2,"href":"https:\/\/www.natur-erforschen.net\/themenarchiv\/wp-json\/wp\/v2\/pages\/371\/revisions"}],"predecessor-version":[{"id":913,"href":"https:\/\/www.natur-erforschen.net\/themenarchiv\/wp-json\/wp\/v2\/pages\/371\/revisions\/913"}],"up":[{"embeddable":true,"href":"https:\/\/www.natur-erforschen.net\/themenarchiv\/wp-json\/wp\/v2\/pages\/314"}],"wp:attachment":[{"href":"https:\/\/www.natur-erforschen.net\/themenarchiv\/wp-json\/wp\/v2\/media?parent=371"}],"curies":[{"name":"wp","href":"https:\/\/api.w.org\/{rel}","templated":true}]}}